and 117.
13
Let m(z) = -3 + 2*z + 2 + 5*z**2 - 3 + 2*z. Let r be m(-4). What is the highest common factor of r and 20?
20
Let w(z) be the first derivative of -z**4/4 + 4*z**3/3 + 3*z**2 - 3*z - 2. Let b be w(4). Let c = 21 + -14. What is the highest common factor of b and c?
7
Let x be 15/2*24/5. Suppose -r + x = 4*h, r = -0*h + 2*h - 12. What is the highest common factor of 24 and h?
8
Let g = -8 + 6. Let x(i) = -3*i - 3. Let a(l) = 6*l + 6. Let f(y) = 3*a(y) + 7*x(y). Let o be f(g). What is the greatest common divisor of 24 and o?
3
Let p be 2/7 - 65/7. Suppose 2 + 3 = 5*l. Let a = l - p. What is the highest common factor of a and 80?
10
Suppose -35 + 90 = 11*c. Let g(m) = -12*m**3 + 3*m**2 + 1. Let o be g(-3). Suppose -c*p + o = -48. What is the greatest common divisor of 10 and p?
10
Suppose 0*x = x + 5*c - 527, -4*x - 4*c = -2092. Calculate the highest common factor of x and 58.
58
Let p be (-4)/(1/(-17)*2). Let b = p + 16. What is the greatest common factor of b and 20?
10
Suppose 0 = -8*s + 10*s - 378. What is the greatest common factor of s and 21?
21
Let q be (-6)/10 + (-12)/30. Let m = 4 + q. Suppose m*j = -j + 12. What is the greatest common factor of j and 12?
3
Suppose 3*q - 2*g + 4*g - 14 = 0, -4*g = 2*q - 4. Suppose 0 = -5*h + 5*t + 75, 5*t = -h - 0*t + 33. Calculate the highest common divisor of h and q.
6
Let w = -2 - -6. Suppose -4 = w*c - 3*i - 1, i - 8 = -c. Suppose -d = c*v - 19, 3*d + 7 = 2*v - 3*v. Calculate the highest common factor of 56 and v.
8
Suppose -z = -14*z + 312. Let b(w) = 5*w + 2. Let q be b(2). Calculate the greatest common factor of q and z.
12
Suppose -5*g + v + 449 + 50 = 0, -5*g + 502 = 2*v. Calculate the greatest common factor of 25 and g.
25
Suppose 0 = 2*h + 1 - 77. What is the highest common divisor of 95 and h?
19
Suppose 4*j + 4 - 20 = 0. Let k be (-2)/j + (-225)/(-2). Suppose -2*t + k = 2*t. What is the highest common factor of t and 4?
4
Let m(o) = 5*o**2 - o - 15. Let z be m(5). Calculate the highest common factor of z and 15.
15
Let z = -60 + 61. Let j(t) = -5*t**2 + t + 2*t**3 + 4*t**2 + 0*t**2. Let d be j(1). Calculate the highest common factor of d and z.
1
Suppose 2*h + 3*t = 5 + 70, 3*h + 2*t = 110. What is the greatest common factor of h and 18?
18
Let u(f) = -2*f**2 - 22*f - 26. Let q be u(-9). Suppose -4*n + 530 = -v + 6*v, -2*v = 4*n - 200. What is the greatest common factor of q and v?
10
Suppose 2*c - 2 = 8. Suppose c*l = 71 - 6. Let a = 45 - 32. Calculate the greatest common factor of l and a.
13
Suppose 0 = -5*w + 6*w - 99. Suppose 0 = -2*v + 5*v - w. Suppose -5*d + r + 18 = 0, 2*d + 4*r + 21 = 5*d. Calculate the greatest common factor of d and v.
3
Let v be -1 + 0 - (-2 - 112). Suppose v = 3*n - 112. Calculate the greatest common divisor of 15 and n.
15
Let m(l) = l + 17. Let j be m(3). What is the highest common divisor of j and 70?
10
Let w(x) = -x**3 - x**2 + x + 1. Let d be w(0). Suppose -b + d + 13 = 0. What is the greatest common divisor of b and 28?
14
Let u be ((-168)/6)/((-2)/8). Let r = u - -28. Suppose -i = b + b - 30, 75 = 4*i - b. What is the highest common factor of r and i?
20
Suppose -a - 3*s + 35 - 8 = 0, -5*s + 57 = 2*a. What is the highest common divisor of a and 252?
36
Suppose 2*o + 0*o = 8. Let l be (-8 + o)/(3/(-18)). Calculate the greatest common factor of l and 60.
12
Let l(a) = a**3 + 12*a**2 + 8*a + 10. Let g be l(-8). Let j be -4 - -1 - g/(-2). What is the highest common divisor of j and 14?
14
Let h = 12 + -6. Suppose -2*z - 5*g = -7*z + 15, -h = -2*z - 5*g. Let k = 19 - -5. Calculate the greatest common divisor of z and k.
3
Let w be (-70)/(-25) + 2/10. Let a(u) = 8*u. Let o be a(w). Let l = -10 + o. Calculate the highest common factor of 35 and l.
7
Suppose 3*t + 40 = 8*t - 4*a, 0 = -4*t - 3*a + 32. What is the greatest common factor of t and 12?
4
Suppose 18 = 3*j - 30. Suppose 5*w = w - j. Let k = -3 - w. What is the greatest common factor of k and 8?
1
Let w(f) = -4*f. Let p be w(-1). What is the highest common divisor of p and 8?
4
Suppose -2*z + 22 = -18. Let m(s) = -4 + 0*s + 4*s - 10*s. Let j be m(-4). Calculate the greatest common divisor of j and z.
20
Suppose -55 = -w + 15. What is the greatest common factor of 14 and w?
14
Suppose 13 + 32 = -5*o. Let n = o - -17. Calculate the greatest common divisor of 12 and n.
4
Let u = -11 - -39. Suppose 20 = 2*g - u. What is the greatest common divisor of g and 96?
24
Let q be 912/18 - 8/12. Calculate the greatest common factor of q and 20.
10
Let a(t) = -t**3 + 11*t**2 - 3*t - 12. Let p be a(10). What is the greatest common factor of p and 522?
58
Let r = 260 - 75. Calculate the highest common divisor of 74 and r.
37
Let i be 2/7 + 80/14. Let c(j) = j**3 - 4*j**2 - 8*j. Let g be c(i). Suppose 4*x = 3*d - 3 + 4, -x = -d + 1. What is the highest common divisor of g and x?
4
Suppose 4 = -l - l. Let j(r) = -2*r**2 + 5*r. Let i be j(4). Let h = l - i. What is the greatest common factor of h and 50?
10
Suppose 0 = -0*k + 4*k - 100. Suppose -99 = 2*x - k. Let p = x - -55. Calculate the greatest common factor of p and 72.
18
Let k be 4/14 + (-76)/(-28). Let z be 7 - 1/(3/k). Let d(r) = 2*r**2 - 11*r + 3. Let u be d(9). What is the greatest common factor of u and z?
6
Let b(j) = j**3 + 3*j. Let h be b(3). Let w = 79 - 61. What is the greatest common divisor of w and h?
18
Let l(z) = -32*z - 24. Let x be l(-4). What is the greatest common factor of 8 and x?
8
Let j = -24 + 9. Let c = j - -7. Let b(f) = -f**2 - 20*f - 5. Let r be b(c). What is the highest common divisor of 13 and r?
13
Let q(m) be the first derivative of m**4/4 - 2*m**3 + 11*m**2/2 - 8*m - 1. Let i be q(6). What is the highest common factor of 145 and i?
29
Suppose 3*p = -3*v + 18, 0 = p + 2*v - 0*v - 6. Calculate the highest common divisor of 24 and p.
6
Suppose -3*r = -48 + 15. Let h be (-2)/(-5) - (-12)/(-30). Suppose -n - 4*m + 5*m + 101 = h, 2*n + m = 196. Calculate the greatest common divisor of r and n.
11
Suppose 4 = 3*w + w. Let n be (-12)/(-9) + 29/3. Calculate the greatest common divisor of n and w.
1
Let g = 25 - -71. What is the greatest common divisor of 12 and g?
12
Let k = 27 - 16. What is the highest common divisor of 1 and k?
1
Let x(s) = -2*s - 10. Let w(d) = -d**2 + 7*d + 1. Let o be w(8). Let u be x(o). Suppose -114 - 94 = -u*z. Calculate the greatest common factor of 13 and z.
13
Let g = -26 + 49. Suppose 12 = 4*v, -5*x - 4*v = -19 - g. Suppose 2*s = -o + 7*s + 76, 0 = 4*s + 8. Calculate the greatest common divisor of o and x.
6
Suppose 6*r + r = 252. Calculate the greatest common factor of 6 and r.
6
Let k be 127 - 1/(2/4). Calculate the greatest common factor of 50 and k.
25
Suppose 12*v + 5*j = 7*v + 715, 4*j + 292 = 2*v. Let o(u) = -u**3 - u**2 + u + 18. Let p be o(0). What is the greatest common factor of v and p?
18
Let r be -1 - (0 + -3 + 0). Suppose -r*i - 3 = -5*i. Let a = 2 - i. What is the highest common divisor of a and 11?
1
Let g be ((-4)/(-8))/(1/170). Suppose -13 = p - g. Suppose 3*y - 450 + p = 0. What is the greatest common factor of 14 and y?
14
Let r(n) = 2*n**2 + 11*n + 5. Let f be r(-13). Let y = 56 - 31. What is the greatest common divisor of f and y?
25
Suppose -2*i + 3 + 3 = 0. Let k be i/2*-2 + 23. Calculate the greatest common divisor of 2 and k.
2
Let o(u) = u**2 + 6. Let h be o(0). Calculate the greatest common factor of 6 and h.
6
Let a(n) = -3*n + 3. Let x(b) = -6*b + 6. Let j(t) = 5*a(t) - 3*x(t). Let y be j(5). Calculate the highest common divisor of y and 3.
3
Suppose -2*o + 17 = -w + 51, -160 = -4*w + 2*o. What is the highest common divisor of 6 and w?
6
Let f = 454 + -203. Suppose 0 = -5*v + 189 + f. Suppose -3*u = -5*l - 9, -5*l = 4*u - 0*u - 47. What is the greatest common divisor of v and u?
8
Let a be (6/(-8))/((-18)/72). What is the highest common factor of a and 24?
3
Let a be 228/(-9)*6/(-4). Suppose 0 = -2*v + v + 57. Calculate the greatest common divisor of a and v.
19
Let b = 4 - 1. Calculate the greatest common divisor of 21 and b.
3
Let j = 0 + 1. Let k(v) = -79*v**3 + v**2 + v. Let b(t) = t**3 + t + 1. Let l(s) = b(s) - k(s). Let i be l(j). Calculate the highest common factor of i and 8.
8
Let f = 0 - -6. Suppose -4*j + 84 = -4*i, -j - 2*i + 3 = -f. What is the greates